ivided by 18?
15
Suppose -5*g + 8*g - b = 2272, 3*g - 2*b = 2267. Let k = 789 - g. Calculate the remainder when 149 is divided by k.
29
Suppose 5*c + 3080 = 3*g, 8*g - 5*g = -5*c + 3070. What is the remainder when g is divided by 20?
5
Suppose 61 = 14*l + 5. Let h(i) = 0 - 43*i**2 - l + 8 - i + 44*i**2. Calculate the remainder when 76 is divided by h(-3).
12
Suppose -2*p + 4*l = -444, -4*l = 3 - 19. Calculate the remainder when 445 is divided by p.
215
Suppose -2*v + 59 = 1. Suppose q = 3*m - 34, v = 3*m + 2*q + 2*q. Suppose -m*t = -7*t - 16. What is the remainder when 15 is divided by t?
3
Let n(m) = -m**2 - 292*m - 5919. Suppose 5*f = -25, o - 3*f + 2*f - 61 = 0. Calculate the remainder when o is divided by n(-22).
14
Let k = -6565 - -7217. Calculate the remainder when k is divided by 162.
4
Suppose -2879 = 13*p - 11277. Calculate the remainder when p is divided by 54.
52
Let b(o) = -2*o**3 - 26*o**2 + 3*o - 12. Let d be b(-13). Let w = 94 + d. What is the remainder when 214 is divided by w?
42
Suppose 14*w = 164 + 13 - 9. Calculate the remainder when 320 is divided by w.
8
Suppose -4*a = -3*a - 255. Let f = a - 230. Suppose 0*q + 3*q - 30 = 0. Calculate the remainder when f is divided by q.
5
What is the remainder when (1 - 0)*121*1 is divided by 20*(-5)/(-70)*(-8820)/(-504)?
21
Suppose -4*l + 3*l + 16 = 0. What is the remainder when (1972/153 + 8/18)*192/160 is divided by l?
0
Calculate the remainder when 335 is divided by -1*15*5876/(-565).
23
Let m = 120 + -84. Let k = 52 - m. Calculate the remainder when 109 is divided by k.
13
Let z = 11297 + -9131. Calculate the remainder when z is divided by 144.
6
Suppose 0 = 5*m + 7374 - 7539. Calculate the remainder when 1714 is divided by m.
31
Let g = -2 - -28. Suppose -c + 2*z + 13 = 0, -15 = 3*c + 5*z + 1. Suppose 3*u = -c + 30. What is the remainder when g is divided by u?
8
Let w be 19 - 8 - (2 - -5). Suppose 40*i - 36*i - 5*b = 123, w*i = -5*b + 173. Calculate the remainder when 71 is divided by i.
34
Suppose -5 = 5*s, -5*s = 117*r - 122*r + 125. Calculate the remainder when 654 is divided by r.
6
Let p(a) = a**3 + 4*a**2 - 267*a + 72. What is the remainder when p(17) is divided by 35?
27
Suppose 0 = -2*q - 8*w + 12*w - 20, 5*w - 25 = -3*q. Suppose q = -8*k + 84 + 132. Calculate the remainder when 184 is divided by k.
22
Let u = -4266 - -4381. Calculate the remainder when 355 is divided by u.
10
Let r(s) = 11 + 3*s**3 + 11*s**2 + 3*s**3 - 7*s**3. Let m(b) = 4*b**3 + b**2 - 3*b + 2. Calculate the remainder when m(2) is divided by r(11).
10
Let i = 7623 - 7571. What is the remainder when i is divided by 16?
4
Let o be (12/18)/((-28)/(-12) - 2). Calculate the remainder when -4 + 150 + (o - -2) is divided by 14.
10
Let x = 141 - 139. Calculate the remainder when 88 is divided by x/(-7) - 815/(-35).
19
What is the remainder when ((-98)/(-147))/(1/2736) is divided by 83?
81
Let r(m) = 1034*m + 2829. What is the remainder when r(-2) is divided by 28?
5
Let c = -50 + 110. Suppose -2*a = -8*a - c. Calculate the remainder when 54 is divided by (-6)/(-9)*(-6)/(-4) - a.
10
Let f = 5733 - 3829. Calculate the remainder when f is divided by 159.
155
Let g = -158219 + 158283. Let j(x) = x**3 + 10*x**2 + 5*x + 3. Calculate the remainder when g is divided by j(-9).
25
Let z(h) = -28*h + 303. Suppose -4*l + 5*o + 41 = 0, -17 = -2*l - o - 0. What is the remainder when 110 is divided by z(l)?
8
Let v = -9946 - -10076. What is the remainder when 546 is divided by v?
26
Suppose -2*m - 30 = -3*u, 39 - 9 = 3*u - 4*m. Let g be (-6)/(-33) - (-210)/(-66). Calculate the remainder when 1/(-4 - g)*-29 is divided by u.
9
Suppose 0 = -35*v + 78*v - 23*v - 340. Calculate the remainder when 680 is divided by v.
0
Let g(y) = y**2 + 4*y - 1. Let i(o) = -7*o**2 + o + 1. Let x be i(1). Let b be g(x). Calculate the remainder when 4 is divided by ((-20)/b - -3)*-1.
0
Let v = 13686 - 11105. What is the remainder when v is divided by 41?
39
Suppose 116*n - 120*n - 5*b + 2535 = 0, -4*b + 1902 = 3*n. What is the remainder when n is divided by 78?
6
Let l(f) = f**3 - 6*f**2 - 10*f - 30. Let t be l(10). Let y = -182 + t. What is the remainder when y is divided by 18?
16
Suppose 17077 = 215*k + 5467. What is the remainder when 260 is divided by k?
44
Suppose 2*k - 16 = 4*n + 46, -2*k - 5*n = -71. Calculate the remainder when 99 is divided by k.
0
Suppose 2*g = 2*n + 96 + 332, 0 = 2*g + 6*n - 484. Calculate the remainder when 262 is divided by g.
41
Let o(f) = 13*f**2 - 9*f - 52. What is the remainder when o(-5) is divided by 80?
78
Suppose -7*o = -47*o + 29520. Calculate the remainder when o is divided by 74.
72
Let x(l) = l**2 + 45*l + 5. Let z be x(-45). Suppose 6*c - 100 = c + 4*o, -z*c - 3*o + 135 = 0. What is the remainder when 114 is divided by c?
18
Suppose 4635 = 147*n - 44*n. Let o = 6 - 5. Calculate the remainder when o*87*1 + 0 is divided by n.
42
Suppose 5*v + 487*w = 482*w + 1395, -v - 5*w + 307 = 0. What is the remainder when 827 is divided by v?
11
What is the remainder when 6813 is divided by 58/290 + (-395)/(-25)?
13
Let j = 123 - 119. Suppose 157 = 4*u + 5*d, 113 = -u + j*u - d. What is the remainder when u is divided by 8?
6
Let z(w) = -46*w - 1320. Let c = -253 - -361. Suppose -3*v = -6*v + c. Calculate the remainder when v is divided by z(-29).
8
Suppose -194 = -2*w + 4*t, 4*t + 103 = 5*w - 4*w. Suppose -5445 = 10*p - 15*p. Calculate the remainder when p is divided by w.
88
Let y(o) = 3*o**2 + 9*o + 12. Let t be 10/(-75) + 219/(-45). What is the remainder when y(t) is divided by 30?
12
Let j = -23181 - -28286. What is the remainder when j is divided by 111?
110
Let i(t) = 7*t - 96. Suppose 217 = 12*n + 25. What is the remainder when 30 is divided by i(n)?
14
Let g be 1*(7 + (-3)/1). Suppose g*o = -5*j + 160, 2*j - 78 = 3*o - 5*o. Calculate the remainder when 54 is divided by o.
19
Let u be ((-1)/(-2))/((-6)/(-264)). Suppose -3*p = -2*c + 7, -28 = -5*c + p + u. What is the remainder when ((-624)/(-60))/(2/10) is divided by c?
8
Suppose 2*w + h - 1813 = 2*h, -4*w - 3*h + 3601 = 0. Suppose 64 = -20*b + w. What is the remainder when 249 is divided by b?
39
Let x = 23 - -72. Suppose 0*t - 5*t + 140 = -4*y, -10 = 2*y. What is the remainder when x is divided by t?
23
Let n = -2760 - -1680. Let f = 60 + 18. What is the remainder when 53 is divided by (-4)/(-26) - n/f?
11
Suppose 22*x + 633 = 2*x + 1993. Calculate the remainder when 1087 is divided by x.
67
Let p(v) = -45*v + 171. What is the remainder when p(-13) is divided by 190?
186
Suppose 5*h - 31 = -d + 28, 4*h - 3*d - 32 = 0. Suppose -407 = -h*c + 132. Calculate the remainder when c is divided by 16.
1
Suppose -3*f = -22 + 19. Let y be (f/(4/180))/(4/12). Suppose 16 = -17*g + y. What is the remainder when 26 is divided by g?
5
Let j(t) = -964*t + 2283. Calculate the remainder when 1790 is divided by j(2).
15
Suppose 0 = -g + 39 - 14. Suppose 205*y - 12484 = -2890 + 5576. Calculate the remainder when y is divided by g.
24
Let s(j) = j**3 - 127*j**2 + 138*j - 1360. Calculate the remainder when 1058 is divided by s(126).
146
Suppose 2*w - 4*w = 2*p - 38, w - 73 = -4*p. Let x(y) = y + 38. Let n be x(p). Let u = 70 - n. Calculate the remainder when 26 is divided by u.
12
Suppose 0 = -25*g + 694 + 1374 + 357. Calculate the remainder when 1458 is divided by g.
3
Let s(d) = 15*d**3 - 8*d**2 + d + 15. Let j be s(-3). Let l = 525 + j. What is the remainder when 839 is divided by l?
59
Let q(z) = -3*z + 85. Let w(l) = 4*l - 85. Let v(d) = 3*q(d) + 4*w(d). Calculate the remainder when v(21) is divided by 17.
11
Calculate the remainder when (-6)/((-48)/16504)*3/9*6 is divided by 51.
46
Suppose -3*k - 5*o - 16 = 0, 0*o + 25 = -5*o. Suppose 3*j + 39 = -k*u, -2*u - 5*j - 2 = -4*u. Let n = u - -76. Calculate the remainder when n is divided by 23.
21
Suppose 0*x = 5*x + 2*z + 2620, -2*z = -3*x - 1556. Let o be ((-1)/(-2)*1)/((-9)/x). Let a = o - 21. Calculate the remainder when 29 is divided by a.
5
Suppose -2*l = -6*l - 88. Let u = 85 - 86. Let o = u - l. Calculate the remainder when 80 is divided by o.
17
Suppose -4*w + 2975 = 3*f, -f + 515 = 4*w - 498. What is the remainder when f is divided by 115?
61
Suppose -6*i + 3*i - 5*t + 374 = 0, -3*i + 342 = -3*t. What is the remainder